{"id":8010,"date":"2024-11-27T15:52:15","date_gmt":"2024-11-27T14:52:15","guid":{"rendered":"https:\/\/sei.rs\/kolarac\/"},"modified":"2024-11-27T15:52:15","modified_gmt":"2024-11-27T14:52:15","slug":"kolarac","status":"publish","type":"page","link":"https:\/\/sei.rs\/en\/kolarac\/","title":{"rendered":"Kolarac"},"content":{"rendered":"<div class=\"wpb-content-wrapper\">[vc_row css_animation=&#8221;fadeInUp&#8221; full_width=&#8221;stretch_row&#8221; content_placement=&#8221;middle&#8221; column_spacing=&#8221;0px&#8221; equal_height=&#8221;yes&#8221; css=&#8221;.vc_custom_1732806053048{margin-top: 40px !important;}&#8221;][vc_column css_animation=&#8221;none&#8221;][vc_column_text css=&#8221;&#8221; font_weight=&#8221;500&#8243;]\n<h2>Kolarac<\/h2>\n[\/vc_column_text][\/vc_column][\/vc_row][vc_row css_animation=&#8221;fadeInUp&#8221; full_width=&#8221;stretch_row&#8221; content_placement=&#8221;middle&#8221; column_spacing=&#8221;0px&#8221; equal_height=&#8221;yes&#8221;][vc_column css_animation=&#8221;none&#8221; css=&#8221;.vc_custom_1732806041626{padding-top: 30px !important;padding-bottom: 30px !important;}&#8221;][vc_column_text css=&#8221;&#8221;]Zadu\u017ebina Ilije M Kolarca predstavlja istaknutu kulturno-obrazovnu instituciju, osnovanu 1932. godine pod imenom Kolar\u010dev narodni univerzitet. Zadu\u017ebina Ilije M Kolarca nastala je sa ciljem da pru\u017ei dodatna znanja kroz obrazovne, kulturne i umetni\u010dke programe.<\/p>\n<p>Ilija Milosavljevi\u0107 Kolarac (1800\u20131878), ugledni srpski trgovac i vizionar, prepoznao je klju\u010dnu ulogu obrazovanja i zato je testamentom ostavio svu svoju imovinu prosveti i kulturi svoga naroda. Osnovao je 1877. godine dve velike zadu\u017ebine: Knji\u017eevni fond (do danas je prevedeno i od\u0161tampano preko 200 knji\u017eevnih i nau\u010dnih dela) i Univerzitetski fond, koji je bio namenjen podizanju Kolar\u010devog narodnog univerziteta, za predstavljanje nau\u010dnih, knji\u017eevnih i kulturnih dostignu\u0107a obrazovanih ljudi.<\/p>\n<p>Kolar\u010deva imovina trajno je, kao zadu\u017ebina, namenjena vizionarskom nastojanju svog osniva\u010da da bude u funkciji razvoja dru\u0161tva znanja kao osnove za napredak dru\u0161tva.<\/p>\n<p>Zgrada Kolar\u010devog narodnog univerziteta, remek-delo arhitekte Petra Bajalovi\u0107a, sve\u010dano je otvorena 1932. godine. Objekt je osmi\u0161ljen uz primenu najsavremenijih dostignu\u0107a u arhitekturi i akustici, \u010dime je postao jedan od simbola kulturnog Beograda.<\/p>\n<p>Od 1968. godine, Odbor Zadu\u017ebine svake godine dodeljuje presti\u017ene nagrade: Plakete Zadu\u017ebine Ilije M. Kolarca za izuzetan doprinos razvoju programa, kao i Godi\u0161nju nagradu Galerije za najbolju samostalnu izlo\u017ebu u sezoni, \u010dime se kontinuirano odaje priznanje za istaknute kulturne i umetni\u010dke doprinose.[\/vc_column_text][\/vc_column][\/vc_row][vc_row css_animation=&#8221;fadeInLeft&#8221; full_width=&#8221;stretch_row&#8221; content_placement=&#8221;middle&#8221; column_spacing=&#8221;0px&#8221; equal_height=&#8221;yes&#8221;][vc_column css_animation=&#8221;none&#8221; css=&#8221;.vc_custom_1732806041626{padding-top: 30px !important;padding-bottom: 30px !important;}&#8221;]<style>.vcex-divider-multicolor.vcex_69ef924539e5b{max-width:60%;}<\/style><div class=\"vcex-divider-multicolor vcex-module wpex-flex wpex-w-100 wpex-m-auto vcex_69ef924539e5b\"><span class=\"vcex-divider-multicolor__item wpex-flex-grow\" style=\"background:#89CDA1;\"><\/span><span class=\"vcex-divider-multicolor__item wpex-flex-grow\" style=\"background:#55C5EC;\"><\/span><\/div>[\/vc_column][\/vc_row][vc_row css_animation=&#8221;fadeInUp&#8221; full_width=&#8221;stretch_row&#8221; content_placement=&#8221;middle&#8221; column_spacing=&#8221;0px&#8221; equal_height=&#8221;yes&#8221; css=&#8221;.vc_custom_1738233720451{margin-top: 30px !important;}&#8221;][vc_column css_animation=&#8221;none&#8221; css=&#8221;.vc_custom_1732806041626{padding-top: 30px !important;padding-bottom: 30px !important;}&#8221;][vc_column_text css=&#8221;.vc_custom_1738741918518{padding-right: 10% !important;padding-left: 10% !important;}&#8221;]\u201e<em>Ostavljam amanet u\u010denim patriotima Srbima koji \u0107e odbornici bivati, da ovaj amanet sa\u010duvaju kroz sva vremena, i da se staraju kroz sva vremena ove fondove u dobrom stanju odr\u017eati, i s njima u granicama ovog testamenta tako upotrebljene \u010diniti, kako \u0107e narod srpski najvi\u0161e koristi imati.&#8221;<\/em><\/p>\n<p style=\"text-align: right;\"><em>Ilija Milosavljevi\u0107 Kolarac<\/em><\/p>\n<p style=\"text-align: right;\">U Beogradu, 25. februara 1877. godine<\/p>\n[\/vc_column_text][\/vc_column][\/vc_row][vc_row css_animation=&#8221;fadeInLeft&#8221; full_width=&#8221;stretch_row&#8221; content_placement=&#8221;middle&#8221; column_spacing=&#8221;0px&#8221; equal_height=&#8221;yes&#8221;][vc_column css_animation=&#8221;none&#8221; css=&#8221;.vc_custom_1732806041626{padding-top: 30px !important;padding-bottom: 30px !important;}&#8221;]<style>.vcex-divider-multicolor.vcex_69ef92453a00b{max-width:60%;}<\/style><div class=\"vcex-divider-multicolor vcex-module wpex-flex wpex-w-100 wpex-m-auto vcex_69ef92453a00b\"><span class=\"vcex-divider-multicolor__item wpex-flex-grow\" style=\"background:#89CDA1;\"><\/span><span class=\"vcex-divider-multicolor__item wpex-flex-grow\" style=\"background:#55C5EC;\"><\/span><\/div>[\/vc_column][\/vc_row][vc_row css_animation=&#8221;fadeInUp&#8221; full_width=&#8221;stretch_row&#8221; content_placement=&#8221;middle&#8221; column_spacing=&#8221;0px&#8221; equal_height=&#8221;yes&#8221;][vc_column css_animation=&#8221;none&#8221; css=&#8221;.vc_custom_1732806041626{padding-top: 30px !important;padding-bottom: 30px !important;}&#8221;][vc_column_text css=&#8221;&#8221;]U duhu sa na\u0161im ambicijama da podr\u017eimo i pomognemo Zadu\u017ebinu Ilije M. Kolarca, od 2020. godine organizujemo <strong>SEI Tradicionalni Novogodi\u0161nji Koncert.<\/strong>[\/vc_column_text][\/vc_column][\/vc_row][vc_row css_animation=&#8221;fadeInUp&#8221; full_width=&#8221;stretch_row&#8221; content_placement=&#8221;middle&#8221; column_spacing=&#8221;0px&#8221; equal_height=&#8221;yes&#8221;][vc_column css_animation=&#8221;none&#8221; css=&#8221;.vc_custom_1732806041626{padding-top: 30px !important;padding-bottom: 30px !important;}&#8221;][vc_column_text css=&#8221;&#8221;]Galeriju slika mo\u017eete pogledati na slede\u0107em <strong><a href=\"https:\/\/drive.google.com\/drive\/folders\/1a-dQwmlehWPOoniimX6CIZS9xmiUE8um\">linku<\/a><\/strong>.[\/vc_column_text][\/vc_column][\/vc_row][vc_row css_animation=&#8221;fadeInUp&#8221; full_width=&#8221;stretch_row&#8221; content_placement=&#8221;middle&#8221; column_spacing=&#8221;0px&#8221; equal_height=&#8221;yes&#8221;][vc_column css_animation=&#8221;none&#8221; css=&#8221;.vc_custom_1732806041626{padding-top: 30px !important;padding-bottom: 30px !important;}&#8221;][vc_column_text css=&#8221;&#8221;]\n<p style=\"text-align: right;\"><strong><em>#letsSEIvtogether<\/em><\/strong><\/p>\n[\/vc_column_text][\/vc_column][\/vc_row]\n<\/div>","protected":false},"excerpt":{"rendered":"<p>[vc_row css_animation=&#8221;fadeInUp&#8221; full_width=&#8221;stretch_row&#8221; content_placement=&#8221;middle&#8221; column_spacing=&#8221;0px&#8221; equal_height=&#8221;yes&#8221; css=&#8221;.vc_custom_1732806053048{margin-top: 40px !important;}&#8221;][vc_column css_animation=&#8221;none&#8221;][vc_column_text css=&#8221;&#8221; font_weight=&#8221;500&#8243;] Kolarac [\/vc_column_text][\/vc_column][\/vc_row][vc_row css_animation=&#8221;fadeInUp&#8221; full_width=&#8221;stretch_row&#8221; content_placement=&#8221;middle&#8221; column_spacing=&#8221;0px&#8221; equal_height=&#8221;yes&#8221;][vc_column css_animation=&#8221;none&#8221; css=&#8221;.vc_custom_1732806041626{padding-top: 30px !important;padding-bottom: 30px !important;}&#8221;][vc_column_text css=&#8221;&#8221;]Zadu\u017ebina Ilije M Kolarca predstavlja istaknutu kulturno-obrazovnu instituciju, osnovanu 1932. godine pod imenom Kolar\u010dev narodni univerzitet. Zadu\u017ebina Ilije M Kolarca nastala je sa ciljem da pru\u017ei dodatna znanja kroz obrazovne,&hellip;<\/p>\n","protected":false},"author":3,"featured_media":7226,"parent":0,"menu_order":0,"comment_status":"closed","ping_status":"closed","template":"","meta":{"footnotes":""},"categories":[],"tags":[],"class_list":["post-8010","page","type-page","status-publish","has-post-thumbnail","hentry","entry","has-media"],"_links":{"self":[{"href":"https:\/\/sei.rs\/en\/wp-json\/wp\/v2\/pages\/8010","targetHints":{"allow":["GET"]}}],"collection":[{"href":"https:\/\/sei.rs\/en\/wp-json\/wp\/v2\/pages"}],"about":[{"href":"https:\/\/sei.rs\/en\/wp-json\/wp\/v2\/types\/page"}],"author":[{"embeddable":true,"href":"https:\/\/sei.rs\/en\/wp-json\/wp\/v2\/users\/3"}],"replies":[{"embeddable":true,"href":"https:\/\/sei.rs\/en\/wp-json\/wp\/v2\/comments?post=8010"}],"version-history":[{"count":0,"href":"https:\/\/sei.rs\/en\/wp-json\/wp\/v2\/pages\/8010\/revisions"}],"wp:featuredmedia":[{"embeddable":true,"href":"https:\/\/sei.rs\/en\/wp-json\/wp\/v2\/media\/7226"}],"wp:attachment":[{"href":"https:\/\/sei.rs\/en\/wp-json\/wp\/v2\/media?parent=8010"}],"wp:term":[{"taxonomy":"category","embeddable":true,"href":"https:\/\/sei.rs\/en\/wp-json\/wp\/v2\/categories?post=8010"},{"taxonomy":"post_tag","embeddable":true,"href":"https:\/\/sei.rs\/en\/wp-json\/wp\/v2\/tags?post=8010"}],"curies":[{"name":"wp","href":"https:\/\/api.w.org\/{rel}","templated":true}]}}

<div class="wpb-content-wrapper">[vc_row css_animation=&#8221;fadeInUp&#8221; full_width=&#8221;stretch_row&#8221; content_placement=&#8221;middle&#8221; column_spacing=&#8221;0px&#8221; equal_height=&#8221;yes&#8221; css=&#8221;.vc_custom_1732806053048{margin-top: 40px !important;}&#8221;][vc_column css_animation=&#8221;none&#8221;][vc_column_text css=&#8221;&#8221; font_weight=&#8221;500&#8243;]
<h2>Kolarac</h2>
[/vc_column_text][/vc_column][/vc_row][vc_row css_animation=&#8221;fadeInUp&#8221; full_width=&#8221;stretch_row&#8221; content_placement=&#8221;middle&#8221; column_spacing=&#8221;0px&#8221; equal_height=&#8221;yes&#8221;][vc_column css_animation=&#8221;none&#8221; css=&#8221;.vc_custom_1732806041626{padding-top: 30px !important;padding-bottom: 30px !important;}&#8221;][vc_column_text css=&#8221;&#8221;]Zadužbina Ilije M Kolarca predstavlja istaknutu kulturno-obrazovnu instituciju, osnovanu 1932. godine pod imenom Kolarčev narodni univerzitet. Zadužbina Ilije M Kolarca nastala je sa ciljem da pruži dodatna znanja kroz obrazovne, kulturne i umetničke programe.</p>
<p>Ilija Milosavljević Kolarac (1800–1878), ugledni srpski trgovac i vizionar, prepoznao je ključnu ulogu obrazovanja i zato je testamentom ostavio svu svoju imovinu prosveti i kulturi svoga naroda. Osnovao je 1877. godine dve velike zadužbine: Književni fond (do danas je prevedeno i odštampano preko 200 književnih i naučnih dela) i Univerzitetski fond, koji je bio namenjen podizanju Kolarčevog narodnog univerziteta, za predstavljanje naučnih, književnih i kulturnih dostignuća obrazovanih ljudi.</p>
<p>Kolarčeva imovina trajno je, kao zadužbina, namenjena vizionarskom nastojanju svog osnivača da bude u funkciji razvoja društva znanja kao osnove za napredak društva.</p>
<p>Zgrada Kolarčevog narodnog univerziteta, remek-delo arhitekte Petra Bajalovića, svečano je otvorena 1932. godine. Objekt je osmišljen uz primenu najsavremenijih dostignuća u arhitekturi i akustici, čime je postao jedan od simbola kulturnog Beograda.</p>
<p>Od 1968. godine, Odbor Zadužbine svake godine dodeljuje prestižne nagrade: Plakete Zadužbine Ilije M. Kolarca za izuzetan doprinos razvoju programa, kao i Godišnju nagradu Galerije za najbolju samostalnu izložbu u sezoni, čime se kontinuirano odaje priznanje za istaknute kulturne i umetničke doprinose.[/vc_column_text][/vc_column][/vc_row][vc_row css_animation=&#8221;fadeInLeft&#8221; full_width=&#8221;stretch_row&#8221; content_placement=&#8221;middle&#8221; column_spacing=&#8221;0px&#8221; equal_height=&#8221;yes&#8221;][vc_column css_animation=&#8221;none&#8221; css=&#8221;.vc_custom_1732806041626{padding-top: 30px !important;padding-bottom: 30px !important;}&#8221;]<style>.vcex-divider-multicolor.vcex_69ef924539e5b{max-width:60%;}</style><div class="vcex-divider-multicolor vcex-module wpex-flex wpex-w-100 wpex-m-auto vcex_69ef924539e5b"><span class="vcex-divider-multicolor__item wpex-flex-grow" style="background:#89CDA1;"></span><span class="vcex-divider-multicolor__item wpex-flex-grow" style="background:#55C5EC;"></span></div>[/vc_column][/vc_row][vc_row css_animation=&#8221;fadeInUp&#8221; full_width=&#8221;stretch_row&#8221; content_placement=&#8221;middle&#8221; column_spacing=&#8221;0px&#8221; equal_height=&#8221;yes&#8221; css=&#8221;.vc_custom_1738233720451{margin-top: 30px !important;}&#8221;][vc_column css_animation=&#8221;none&#8221; css=&#8221;.vc_custom_1732806041626{padding-top: 30px !important;padding-bottom: 30px !important;}&#8221;][vc_column_text css=&#8221;.vc_custom_1738741918518{padding-right: 10% !important;padding-left: 10% !important;}&#8221;]„<em>Ostavljam amanet učenim patriotima Srbima koji će odbornici bivati, da ovaj amanet sačuvaju kroz sva vremena, i da se staraju kroz sva vremena ove fondove u dobrom stanju održati, i s njima u granicama ovog testamenta tako upotrebljene činiti, kako će narod srpski najviše koristi imati.&#8221;</em></p>
<p style="text-align: right;"><em>Ilija Milosavljević Kolarac</em></p>
<p style="text-align: right;">U Beogradu, 25. februara 1877. godine</p>
[/vc_column_text][/vc_column][/vc_row][vc_row css_animation=&#8221;fadeInLeft&#8221; full_width=&#8221;stretch_row&#8221; content_placement=&#8221;middle&#8221; column_spacing=&#8221;0px&#8221; equal_height=&#8221;yes&#8221;][vc_column css_animation=&#8221;none&#8221; css=&#8221;.vc_custom_1732806041626{padding-top: 30px !important;padding-bottom: 30px !important;}&#8221;]<style>.vcex-divider-multicolor.vcex_69ef92453a00b{max-width:60%;}</style><div class="vcex-divider-multicolor vcex-module wpex-flex wpex-w-100 wpex-m-auto vcex_69ef92453a00b"><span class="vcex-divider-multicolor__item wpex-flex-grow" style="background:#89CDA1;"></span><span class="vcex-divider-multicolor__item wpex-flex-grow" style="background:#55C5EC;"></span></div>[/vc_column][/vc_row][vc_row css_animation=&#8221;fadeInUp&#8221; full_width=&#8221;stretch_row&#8221; content_placement=&#8221;middle&#8221; column_spacing=&#8221;0px&#8221; equal_height=&#8221;yes&#8221;][vc_column css_animation=&#8221;none&#8221; css=&#8221;.vc_custom_1732806041626{padding-top: 30px !important;padding-bottom: 30px !important;}&#8221;][vc_column_text css=&#8221;&#8221;]U duhu sa našim ambicijama da podržimo i pomognemo Zadužbinu Ilije M. Kolarca, od 2020. godine organizujemo <strong>SEI Tradicionalni Novogodišnji Koncert.</strong>[/vc_column_text][/vc_column][/vc_row][vc_row css_animation=&#8221;fadeInUp&#8221; full_width=&#8221;stretch_row&#8221; content_placement=&#8221;middle&#8221; column_spacing=&#8221;0px&#8221; equal_height=&#8221;yes&#8221;][vc_column css_animation=&#8221;none&#8221; css=&#8221;.vc_custom_1732806041626{padding-top: 30px !important;padding-bottom: 30px !important;}&#8221;][vc_column_text css=&#8221;&#8221;]Galeriju slika možete pogledati na sledećem <strong><a href="https://drive.google.com/drive/folders/1a-dQwmlehWPOoniimX6CIZS9xmiUE8um">linku</a></strong>.[/vc_column_text][/vc_column][/vc_row][vc_row css_animation=&#8221;fadeInUp&#8221; full_width=&#8221;stretch_row&#8221; content_placement=&#8221;middle&#8221; column_spacing=&#8221;0px&#8221; equal_height=&#8221;yes&#8221;][vc_column css_animation=&#8221;none&#8221; css=&#8221;.vc_custom_1732806041626{padding-top: 30px !important;padding-bottom: 30px !important;}&#8221;][vc_column_text css=&#8221;&#8221;]
<p style="text-align: right;"><strong><em>#letsSEIvtogether</em></strong></p>
[/vc_column_text][/vc_column][/vc_row]
</div>

<p>[vc_row css_animation=&#8221;fadeInUp&#8221; full_width=&#8221;stretch_row&#8221; content_placement=&#8221;middle&#8221; column_spacing=&#8221;0px&#8221; equal_height=&#8221;yes&#8221; css=&#8221;.vc_custom_1732806053048{margin-top: 40px !important;}&#8221;][vc_column css_animation=&#8221;none&#8221;][vc_column_text css=&#8221;&#8221; font_weight=&#8221;500&#8243;] Kolarac [/vc_column_text][/vc_column][/vc_row][vc_row css_animation=&#8221;fadeInUp&#8221; full_width=&#8221;stretch_row&#8221; content_placement=&#8221;middle&#8221; column_spacing=&#8221;0px&#8221; equal_height=&#8221;yes&#8221;][vc_column css_animation=&#8221;none&#8221; css=&#8221;.vc_custom_1732806041626{padding-top: 30px !important;padding-bottom: 30px !important;}&#8221;][vc_column_text css=&#8221;&#8221;]Zadužbina Ilije M Kolarca predstavlja istaknutu kulturno-obrazovnu instituciju, osnovanu 1932. godine pod imenom Kolarčev narodni univerzitet. Zadužbina Ilije M Kolarca nastala je sa ciljem da pruži dodatna znanja kroz obrazovne,&hellip;</p>
